+ 2382*x**2 - 107*x + 7. What is a(3)?
10
Let j(t) = 2437*t**2 - 4897*t - 2. Calculate j(2).
-48
Let z(j) = -13072*j - 1346422. Determine z(-103).
-6
Let f(t) = -t**3 + 12*t**2 + 5895*t - 82094. What is f(14)?
44
Let t(p) = -3*p**3 + 14*p**2 - 45*p + 29. What is t(2)?
-29
Let b(w) = -2*w**3 + 314*w**2 - 623*w + 484. Give b(155).
19
Let m(z) = 2*z**3 - 170*z**2 - 362*z + 677. Determine m(87).
-541
Let d(v) = -11593*v - 58134. Give d(-5).
-169
Let a(v) = v**3 + 4*v**2 + 1135*v + 6857. Give a(-6).
-25
Let k(r) = -216*r**3 - 2*r**2 - 855*r - 1706. Give k(-2).
1724
Let i(s) = -3*s**3 + 15*s**2 + 213*s + 48. Give i(11).
213
Let k(q) = q**2 - 46*q - 21848. Determine k(172).
-176
Let y(w) = -5*w**3 + 369*w**2 + 74*w - 133. Give y(74).
-133
Let q(y) = -y**3 + 67*y**2 - 949*y + 81127. What is q(70)?
-3
Let p(w) = -w**2 - 38*w + 71. What is p(-30)?
311
Let f(l) = -l**2 - 4544*l + 1023181. What is f(215)?
-4
Let k(a) = -2*a**2 + 2772*a + 61930. Give k(-22).
-22
Let u(z) = -96*z**2 + 2412*z - 14031. Calculate u(16).
-15
Let v(l) = l**2 - 92*l - 9508. What is v(-58)?
-808
Let p(v) = -223*v - 2938. Give p(-18).
1076
Let h(m) = 2*m**2 - 162*m + 1075. What is h(72)?
-221
Let t(r) = -r**2 - 222*r + 9622. Calculate t(39).
-557
Let d(z) = z**3 - 162*z**2 + 441*z + 3903. Give d(159).
-1821
Let v(z) = z**3 + 47*z**2 + 104*z + 2580. Calculate v(-46).
-88
Let o(u) = -249*u**2 + 179783*u - 3608. Calculate o(722).
2
Let v(y) = y**3 - 21*y**2 - 509*y + 10704. What is v(22)?
-10
Let x(u) = 121142*u - 5087959. Calculate x(42).
5
Let d(k) = -199*k**2 - 81*k - 235. What is d(-3)?
-1783
Let f(u) = u**3 + 120*u**2 - 380*u - 31018. What is f(-121)?
321
Let s(v) = 4919290*v - 29515730. Give s(6).
10
Let w(d) = 2572*d - 19315. What is w(8)?
1261
Let c(v) = 2*v**2 - 29*v + 140. Calculate c(22).
470
Let p(a) = -8*a**3 + 311*a**2 - 277*a + 436. Calculate p(38).
18
Let z(h) = h**3 + 201*h**2 + 200*h + 22. Calculate z(-200).
22
Let f(g) = -2*g**3 + 27*g**2 + 40*g + 201. Give f(16).
-439
Let g(n) = -1356*n - 14480. Determine g(-10).
-920
Let p(m) = -8482*m + 296857. Determine p(35).
-13
Let d(q) = -14696*q + 73477. What is d(5)?
-3
Let w(m) = -50*m**2 + 10054*m - 507. Determine w(201).
297
Let r(k) = 1001285*k - 2002535. Determine r(2).
35
Let a(m) = -10*m**3 - 852*m**2 - 164*m + 499. Calculate a(-85).
-11
Let v(h) = -2*h**2 + 303*h - 602. Calculate v(149).
143
Let n(d) = 2177*d + 111805. Determine n(-51).
778
Let a(b) = -b**3 + 13*b**2 - 51*b + 94. Give a(4).
34
Let j(g) = 9075*g**2 - 9010*g - 52. Give j(1).
13
Let b(y) = -y**3 - 55*y**2 + 196*y + 1089. Give b(-58).
-187
Let t(q) = 817*q**2 - 283501*q + 702. What is t(347)?
8
Let k(u) = -40*u - 1649. What is k(-34)?
-289
Let r(k) = -4*k**2 + 77*k - 695. Determine r(11).
-332
Let v(i) = i**2 + 7989*i + 444242. What is v(-56)?
-6
Let t(b) = 16*b**3 + 92*b**2 + 55*b + 3. Determine t(0).
3
Let m(f) = -41*f**2 - 3945*f - 841. Calculate m(-96).
23
Let s(g) = -g**2 - 26851*g + 402991. Calculate s(15).
1
Let f(r) = r**3 + 55*r**2 - 134*r - 4336. Calculate f(-56).
32
Let f(k) = -1166*k + 45488. Calculate f(39).
14
Let u(b) = 113*b**3 + 87825*b - 87824. Calculate u(1).
114
Let t(u) = -645*u + 23260. Determine t(36).
40
Let s(t) = t**2 + 99*t - 2957. Give s(27).
445
Let a(q) = -3*q**3 - 15*q**2 + 137*q + 46. Determine a(5).
-19
Let c(t) = 189*t - 10613. Calculate c(56).
-29
Let f(g) = -2*g**3 - 41*g**2 + 113*g + 2337. Give f(-24).
3657
Let z(h) = -7*h**3 - 126*h**2 - 92*h + 163. What is z(-17)?
-296
Let j(i) = -996*i + 7086. Determine j(7).
114
Let x(g) = g**2 + 192*g + 8684. Determine x(-121).
93
Let g(b) = -3*b**3 + 118*b**2 + 213*b - 855. What is g(41)?
-527
Let a(k) = -k**3 + 83*k**2 + 4129*k + 40. Calculate a(118).
-78
Let g(v) = v**3 + 282*v**2 - 1825*v + 1939. Give g(5).
-11
Let d(q) = -11849*q + 5497953. Give d(464).
17
Let j(g) = 1492*g - 203630. Determine j(136).
-718
Let v(g) = 16*g**2 + 76*g - 2428. Determine v(-15).
32
Let l(i) = 556*i + 31010. Determine l(-56).
-126
Let q(m) = m**3 - 102*m**2 + 75. Determine q(102).
75
Let s(z) = -13*z**2 + 31*z + 147. Give s(5).
-23
Let g(j) = j**3 + 47*j**2 + 227*j + 6195. Determine g(-45).
30
Let i(q) = -3*q**2 + 438*q + 309. What is i(147)?
-132
Let a(g) = -380*g + 458. Give a(3).
-682
Let t(b) = 10904*b - 142204. Give t(13).
-452
Let m(k) = -5595*k - 127443. Determine m(-23).
1242
Let f(v) = -3*v**2 - 645*v + 38895. Give f(49).
87
Let v(l) = -2*l**3 + 613*l**2 + 242*l + 19878. What is v(307)?
-77
Let g(q) = 10073*q - 10415474. Calculate g(1034).
8
Let f(z) = -3*z**2 + 224*z - 3749. Give f(23).
-184
Let p(x) = 114441*x - 1487728. Determine p(13).
5
Let a(i) = -i**3 - 162*i**2 + 182*i + 29477. Determine a(-162).
-7
Let x(s) = -12*s**2 - 746*s - 142. Determine x(-62).
-18
Let h(t) = 97*t**2 - 3155*t - 6315. Determine h(-2).
383
Let r(i) = -i**2 + 21*i + 41369. Determine r(-194).
-341
Let r(i) = i**2 - 16*i - 1003. Give r(-39).
1142
Let u(w) = -7*w**3 + 4*w**2 - 1403*w + 7024. Determine u(5).
-766
Let s(c) = -50618*c + 759276. What is s(15)?
6
Let r(j) = -709*j - 6872. Determine r(-10).
218
Let j(m) = -m**2 - 159*m + 172180. Calculate j(343).
-6
Let p(g) = -862*g + 47441. Calculate p(55).
31
Let x(s) = s**2 - 6*s + 74. What is x(42)?
1586
Let u(k) = 3*k**3 + 170*k**2 - 4764*k + 61. Determine u(-77).
5220
Let g(j) = -2*j**2 - 825*j - 27078. Calculate g(-35).
-653
Let o(k) = 3*k**3 + 216*k**2 + 2038*k + 1768. What is o(-10)?
-12
Let g(z) = 17*z**3 - 198*z**2 + 46*z - 1343. Determine g(12).
73
Let l(r) = 161069*r + 23677139. Give l(-147).
-4
Let u(r) = -r**3 - 84*r**2 + 189*r + 1378. Calculate u(-86).
-84
Let y(d) = -635*d - 24405. Calculate y(-43).
2900
Let y(m) = -2*m**3 + 1368*m**2 + 11066*m + 4257. Determine y(692).
105
Let r(y) = 6*y**2 + 112*y + 1701. Calculate r(-13).
1259
Let c(k) = -k**3 + 230*k**2 - 9146*k + 877. Calculate c(51).
10
Let u(g) = g**2 + 441*g - 189893. What is u(268)?
119
Let c(f) = -f**3 + 10*f**2 - 1340*f + 16387. What is c(12)?
19
Let c(a) = -2867*a + 5681. Calculate c(2).
-53
Let v(b) = -b**3 - 60*b**2 + 941*b + 50811. Determine v(-62).
157
Let r(q) = -q**3 - 51*q**2 - 192*q + 6. Calculate r(-5).
-184
Let j(p) = p**2 - 1008*p - 43172. Give j(-41).
-163
Let u(v) = 2*v**2 - 298211*v - 298211. What is u(-1)?
2
Let t(i) = -30*i**3 - 6601*i**2 - 218*i + 410. Give t(-220).
-30
Let p(f) = 104*f - 1732. Determine p(30).
1388
Let j(x) = x**3 - 28*x**2 + 212*x - 110. Calculate j(12).
130
Let s(p) = 39*p**2 - 83*p - 81. Determine s(5).
479
Let x(g) = -87*g**3 - 5*g**2 + 45*g - 81. What is x(2)?
-707
Let t(x) = 105728*x + 105736. Calculate t(-1).
8
Let w(g) = -20717*g + 393823. Give w(19).
200
Let z(y) = y**2 + 80*y - 233. Calculate z(-88).
471
Let r(k) = k**3 - 218*k**2 + 349*k - 28903. Give r(217).
-259
Let q(f) = -7*f**3 - 15*f**2 + 42*f + 3. What is q(3)?
-195
Let o(q) = -137*q + 1253. Calculate o(10).
-117
Let i(u) = 40*u**2 - 1839*u + 13335. Determine i(9).
24
Let n(h) = 28181*h - 56354. Calculate n(2).
8
Let v(h) = 12*h**2 - 1119*h - 4451. Give v(-4).
217
Let l(c) = 26*c**3 - 561*c**2 + 317*c - 34. Give l(21).
8
Let o(q) = 1067*q**2 + 13835*q - 473. Determine o(-13).
-5
Let d(l) = 56155*l + 187. What is d(0)?
187
Let y(k) = 395*k - 759. Calculate y(-1).
-1154
Let q(p) = 396*p + 5659. Calculate q(-14).
115
Let z(a) = -3*a**2 - 15*a + 757. What is z(21)?
-881
Let k(x) = -5*x**2 + 1315*x + 43930. What is k(293)?
-20
Let x(v) = -354925*v - 3549255. Give x(-10).
-5
Let z(d) = d**3 - 49*d**2 - 1061*d - 39. Determine z(-16).
297
Let k(l) = -30*l**3 - 1449*l**2 + 1455*l - 4. Calculate k(1).
-28
Let s(y) = 8*y**2 + 192*y + 493. Determine s(-5).
-267
Let q(r) = -r**2 - 2277*r + 799074. Determine q(309).
0
Let o(a) = 1082*a + 30132. Calculate o(-28).
-164
Let j(a) = a**3 + 243*a**2 + 8751*a - 1037. Give j(-199).
-42
Let x(b) = b**2 + 31*b - 752. What is x(-28)?
-836
Let t(m) = -13*m**2 - 181*m + 100. Give t(-6).
718
Let t(d) = -188*d - 23881. Calculate t(-127).
-5
Let c(m) = -383*m**3 + 104*m**2 + 2*m + 7. Give c(0).
7
Let n(q) = 4*q**2 - 3908*q + 19554. Calculate n(5).
114
Let y(d) = 2*d**3 - 177*d**2 + 23*d + 1246. Give y(88).
-4474
Let r(i) = i**3 - 11*i**2 + 2057*i - 20455. What is r(10)?
15
Let o(a) = -a**2 + 16614*a + 83042. Determine o(-5).
-53
Let o(g) = 2594*g + 18060. Dete